se 93*a + 580 - 115 = 0. Determine b(a).
1
Let u(f) be the first derivative of -3*f**2 - 6. Let z be (-85 - 1)*4/8. Let h = z - -41. Give u(h).
12
Let l(v) = 12*v**2 - 9 - 27 + 33 + v**3 - 18*v + 3*v**2 - 17. Give l(-16).
12
Let f(x) = -7*x - 783 + 783 - x**2. Let c be (14/(-56))/(0 - 2/136). Suppose 0 = -2*v - 3*l - 15, 0 = v + v + 5*l + c. Calculate f(v).
6
Let r(q) = q**2 + 2*q - 7. Let c(h) = 11*h + 103. Let o be c(-9). Suppose -5*z = -3*l, o*z + 4*l = 2*l. Give r(z).
-7
Let w(y) = 139*y**2 - y - 2. Let l be w(-1). Let b be (-2)/10 + l/15. Let h(s) = -16*s + s**2 + b*s + 6*s. Determine h(1).
0
Let z(a) = a**3 - a**2 - a - 27. Let s(o) = -17*o + 65. Let k be s(4). Let n be k + 64/8 + -5. Determine z(n).
-27
Let v(o) = 54*o**2 - 53*o + 35. Let b(t) = t**3 + 379*t**2 - 372*t + 244. Let l(j) = 2*b(j) - 15*v(j). Give l(25).
-12
Let a(c) be the second derivative of c**3/3 - 5*c**2 - c. Suppose -63 = -12*b - 195. Let r be (9 - (-55)/b) + 1*3. What is a(r)?
4
Let c be 1/(34/(-144) + 4*(-2)/(-72)). Let x(l) = -l**3 - 9*l**2 - 16*l + 5. Let d(f) = f**3 + 9*f**2 + 15*f - 4. Let g(p) = -5*d(p) - 4*x(p). Give g(c).
24
Let a be (-154)/(-33)*3/2. Let b(u) be the first derivative of u**2/2 - 4*u - 7588. What is b(a)?
3
Let f(i) = 16*i - i + 21 + 18*i - 16*i + 9*i**2. Let c(x) = -5*x**2 - 9*x - 11. Let h = 6 - 17. Let y(l) = h*c(l) - 6*f(l). Give y(5).
5
Let i(y) = 1. Let b(w) = 2*w + 2. Let h(m) = b(m) - i(m). Let q be (-45)/(-6) + (-99)/18. Determine h(q).
5
Suppose -3*v = -5*l - 17, 43*v - 47*v - 59 = 5*l. Let r(f) = f**2 + 10*f + 31. What is r(l)?
10
Let x(j) = 37*j**2 - 5 - j**3 - 119*j**2 + 47*j**2 + 7*j + 37*j**2. Calculate x(6).
-107
Let n(k) be the third derivative of 91*k**2 + 1/120*k**6 + 0*k + 0 + 5/6*k**3 + 1/20*k**5 - 1/6*k**4. Calculate n(-4).
5
Let x(p) = -2*p - 2. Let q = -756 + 758. Let g(w) = -8*w - 11. Let i(d) = q*x(d) - g(d). Calculate i(-2).
-1
Let a = 2683 - 2696. Let x(c) = -c**2 - 13*c - 10. Determine x(a).
-10
Let d = 346 + -339. Let o(c) = 3*c**3 + 2*c**2 + 4*c + 9. Let x(h) = -5*h**3 - 4*h**2 - 8*h - 16. Let r(b) = d*o(b) + 4*x(b). Give r(3).
-4
Let i(g) = -g**3. Let r(k) = 7*k**3 - 8*k**2 + 11*k + 4. Let c(a) = -6*i(a) - r(a). Suppose 4*d - 18 = 3*n, 5*n = 2459*d - 2456*d - 8. What is c(d)?
2
Suppose -3*x - l = l - 14, -2*x = -2*l - 6. Suppose 0*i - i + x*b = -18, -4*i - 4*b = -12. Let p(f) = -1928 + f**2 - f - 4*f - 2*f + 1930. What is p(i)?
-4
Let m be (-2)/(-3)*1080/16. Let i be (-35)/m + 1 + 507/27. Let t = i - 25. Let l(j) = -j - 6. What is l(t)?
0
Let u(q) be the third derivative of 2*q**2 - 1/2*q**3 - q - 1/12*q**4 + 0. Suppose 0 = 5*w - w + 20. Determine u(w).
7
Let q = -12 + 7. Let w(j) = 2*j**2 - 14*j. Let a(d) = -5*d**2 + 31*d. Let m(i) = 3*a(i) + 7*w(i). What is m(q)?
0
Let z(t) be the third derivative of -t**6/120 - t**5/15 + t**4/3 + 4*t**3/3 - 714*t**2. What is z(-5)?
-7
Let b(c) = 6. Let m(s) = 7*s + 101. Let y(q) = 4*b(q) + m(q). Let o be y(-19). Let i(k) = -k**3 - 9*k**2 - 7*k + 14. Give i(o).
6
Let q(d) = 15*d + 0 + 2 - 3. Suppose 27 = -41*x - 14. What is q(x)?
-16
Let q(k) = k**2 + 5*k + 4. Let s be (-9)/((-9)/(-4)) + 4. Suppose 0*x + 3*x - 9 = s. Suppose n - x*n - 10 = 0. Determine q(n).
4
Suppose -4*t = w - 68, -w + 84 = 4*t + 4*w. Suppose 15*x - 10 = t*x. Let b(l) be the third derivative of -l**4/24 - 5*l**3/3 + 4*l**2. Calculate b(x).
0
Suppose -53*s - 58*s + 176 = -89*s. Let l(q) = 3*q**2 - 18*q + 5. Calculate l(s).
53
Let v(f) = 16*f - 6*f + 0*f - 11*f - f**2 - 38. Suppose 0*b = 2*b. Calculate v(b).
-38
Let l = -8564 + 8570. Let g(h) = 2*h**2 - 16*h + 10. Determine g(l).
-14
Let n(q) = -q + 22. Let l(o) = -o + 33. Let m(z) = -5*l(z) + 7*n(z). Let d = -4537 + 4527. Determine m(d).
9
Let w(f) = 9*f**2 + f + 2. Suppose -4*d - 18 = -y, 4*y + 22*d = 25*d + 20. Determine w(y).
40
Let u(q) be the first derivative of -q**2 + 11*q - 9. Let f(p) = p - 9. Let y(z) = 4*f(z) + 3*u(z). Let b be 2 - 1 - 6/1. Calculate y(b).
7
Let v(p) be the third derivative of -1/60*p**6 + 8*p**2 - p + 1/30*p**5 - 1/24*p**4 - 1/3*p**3 + 0. Calculate v(-2).
24
Let b(y) = 3*y**2 + 1046 + y**3 - 2429 - 25*y + 1297. Determine b(-4).
-2
Let a(u) be the first derivative of -u**2/2 - 16227. Let n(t) = -t**3 + t**2 - 6. Let x be n(0). Determine a(x).
6
Let y(l) = -1 + 3 + 744*l**3 + 2 - 2*l - 743*l**3 + 6*l**2. Suppose -4*p = -7*h + 2*h + 24, 4*h = -3*p - 18. What is y(p)?
16
Let d(c) = -3*c**2 + 6*c**2 - 22 + 586*c - 4*c**2 - 599*c. Calculate d(-14).
-36
Let d(z) = -z. Let w be d(5). Let f(y) be the first derivative of y**3/6 + 11*y**2/2 + 15*y - 15. Let c(k) be the first derivative of f(k). What is c(w)?
6
Suppose -5*c - 4*w + 33 = 0, -6 = -4*c - 3*w + 20. Let t be (-522)/87 - (0 - 2 - 4). Suppose c*r - 4*r - 2 = t. Let b(k) = 2*k + 2. Determine b(r).
6
Suppose 1356 = 79*t + 961. Let c(z) = 9*z - 8. Suppose -5*q - 34 - 1 = 0. Let n(f) = -5*f + 4. Let y(d) = q*n(d) - 4*c(d). Give y(t).
-1
Suppose -3*i = -4*k - 61, -116*k + 121*k + 20 = 0. Let f(s) be the second derivative of -1/20*s**5 - 4*s**2 - 3/2*s**3 - 2/3*s**4 + i*s + 0. Determine f(-7).
6
Let s(x) be the third derivative of x**6/120 - x**5/15 + x**4/8 + x**2. Let m = -151583 - -151586. Calculate s(m).
0
Let u(k) = -k**3 - 91*k**2 + 176*k - 917. Let l be u(-93). Let w(z) = 4*z**2 - 48*z - 12. Calculate w(l).
40
Suppose 4*r + 51*r + 5*r + 120 = 0. Let j(d) = -d - 3. What is j(r)?
-1
Let h(d) = 5*d**2 - 6 - 6 + 32*d - 27*d. Let z(q) = 9*q**2 + 10*q - 24. Let i(s) = 7*h(s) - 4*z(s). Let f(p) be the first derivative of i(p). Determine f(-4).
3
Let m(b) = -7*b - 2. Let s(i) = -2*i**3 - 5*i**2 + 10*i + 3. Let w(u) = -u**3 - u**2 + 2*u + 1. Let r(y) = s(y) - 6*w(y). Let l be r(-1). Determine m(l).
26
Let v(u) = 102*u - 102*u + 1 - 7*u**3 - 2*u**2. Suppose -23*z + 50 = 27. Give v(z).
-8
Let j = -4 + 4. Suppose j = -5*t - 2 - 3. Let s(x) be the first derivative of -x**3/3 - x**2 - x + 87. Calculate s(t).
0
Suppose 7*c + 69 - 27 = 0. Let h be (-20)/(-4) + 1/(c/30). Let t(q) = q - 27. What is t(h)?
-27
Let i(z) = z**3 - 53*z**2 + z - 55. Let w be ((-124)/(-44) - 3)/(2/(-583)). What is i(w)?
-2
Let c(x) be the third derivative of x**4/24 - x**3/6 - 4*x**2. Let d = -54 - -57. Suppose n + d*n = 16. What is c(n)?
3
Let h(l) = -2*l**2 - 4*l + 12. Let z(s) = -3*s**2 - s + 13. Let n(p) = -6*p**2 - p + 26. Let x(v) = 2*n(v) - 5*z(v). Let q(r) = 4*h(r) + 3*x(r). Calculate q(6).
3
Let u(k) = -2*k**2 - 1823*k + 3*k**2 + 1819*k. Let h(l) = l + 5. Let z be h(-12). Let f(j) = j**3 + 8*j**2 + 7*j + 3. Let d be f(z). Determine u(d).
-3
Let a(u) = u**3 - 10*u**2 + 13*u - 12. Let v = 317 - 273. Suppose -v*i = -162 - 190. What is a(i)?
-36
Suppose 4512*j + 60 = 4500*j. Let g(t) = t**3 - t**2 - t - 1. Let a(v) = -5*v**3 - 3*v**2 - 4*v - 3. Let u(n) = -a(n) - 4*g(n). Calculate u(j).
17
Let u(i) = i**3 - 7*i**2 - i + 11. Let x be u(7). Let v be ((-2)/x)/((-1263)/420 - -3). Let l = v - 69. Let j(w) = -3*w**3. Calculate j(l).
-3
Let s(u) be the third derivative of u**5/60 - 41*u**3/3 + 5604*u**2. What is s(-9)?
-1
Let n(b) = 2*b + 2. Let a(m) be the third derivative of m**4/3 + m**3/2 - 80*m**2. Let s(c) = -a(c) + 2*n(c). Determine s(1).
-3
Let z(w) = 31*w**2 + 6*w - 7. Let c(q) = 92*q**2 + 17*q - 20. Let i(r) = 6*c(r) - 17*z(r). Give i(1).
24
Let i(v) = -3*v. Let s(j) = -11*j + 3. Let c(h) = -2*i(h) + s(h). Suppose -a = -2*n - 4, 0 = -5*a - 4*n + 17 + 3. Determine c(a).
-17
Let t be (3/4)/((-6)/(-8)). Let s(p) = 11*p + 4. Let g(y) = -2*y - 1. Let u(z) = t*s(z) + 5*g(z). Let l = 5 + 0. What is u(l)?
4
Let y(i) = 7*i - 9. Let u(m) = 10*m - 13. Let n(p) = 5*u(p) - 7*y(p). Let r be 8/(-14)*(-31 + 10). Suppose r = -8*k + 11*k. What is n(k)?
2
Let u(y) = 16*y - 75. Let j be u(8). Let i(m) = -56 - 7*m + j + 6*m. Determine i(-4).
1
Let k(m) = m**3 - m - 4. Let d(q) = 3*q**3 + 6*q**2 + 7*q - 12. Let a(b) = d(b) - 2*k(b). Determine a(-7).
-116
Let p(n) = -n**2 + 15*n + 20. Suppose f - 159 = -143. What is p(f)?
4
Let o(f) = f**2 - 15*f + 10. Let t(u) = -2*u**2 - 36*u + 25. Let d(r) = -r**2 - r + 1. Let b(i) = 4*d(i) - t(i). Let a(z) = -4*b(z) - 9*o(z). Determine a(6).
0
Let d = -2872 - -2872. Let q(n) = -n**3 + n**2 - 2*n - 27. Determine q(d).
-27
Let c(d) = -11*d**3 - 54*d**2 + 32*d + 148. Let b be c(-5). Let m(a) = 0*a*